?
False
Does 38 divide 64 - 3/2*2/3?
False
Let o(l) = -l**2 - l + 43. Does 9 divide o(0)?
False
Suppose -170 = -5*a + 5*z, a = 5*z + 29 + 13. Does 10 divide a?
False
Let y(b) = -b**3 - 7*b**2 + 7*b + 6. Does 7 divide y(-8)?
True
Suppose 23 = -5*w - 12. Let k = w + 10. Suppose -7*m + 112 = -k*m. Is m a multiple of 14?
True
Let s(w) = -w**2 + w + 67. Is 26 a factor of s(0)?
False
Let i be (-1 + (2 - -2))*1. Suppose i*u - 4*u + 48 = 0. Is 14 a factor of u?
False
Let i(r) = -4*r - 3. Is 13 a factor of i(-6)?
False
Suppose 28*x - 25*x - 15 = 0. Suppose 0 = -x*i + 6 + 29. Does 7 divide i?
True
Let g(w) = w. Let n(l) = 22*l. Let v(p) = -12*g(p) + n(p). Suppose -3*h + 4 = 1. Is v(h) a multiple of 10?
True
Suppose -k + w + 47 = 0, 3*k + 217 = 8*k + 4*w. Is k a multiple of 9?
True
Suppose 0 = 5*s - 35 + 15. Suppose -2*q + 93 = -3*g, 0*g - 4 = s*g. Does 19 divide q?
False
Suppose 3*h - 40 = 2. Does 8 divide h?
False
Let z be (-53)/((-4)/(0 - -4)). Suppose 3 = -5*q + z. Does 10 divide q?
True
Let i be (-4)/(-8) - 1/2. Suppose 3*r - 32 - 181 = i. Is 26 a factor of r?
False
Let s = 90 - -51. Suppose -s = 3*a - 5*f, -5*f + f - 156 = 4*a. Is 12 a factor of 2 - 0 - (a + 1)?
False
Let q(w) be the third derivative of -w**5/60 - w**4/24 - 5*w**3 + w**2. Let g be q(0). Let b = g - -60. Is b a multiple of 15?
True
Let m(i) = i**2 - i + 119. Is 17 a factor of m(0)?
True
Suppose u + 6 = -u. Is 10/u*15/(-2) a multiple of 9?
False
Suppose -j = -6*j. Suppose j*p + 1 = 3*p + 4*o, 0 = 2*p - 5*o + 30. Let z(h) = h**3 + 5*h**2 - 2*h + 5. Does 15 divide z(p)?
True
Let j = -141 - -231. Is 20 a factor of j?
False
Suppose 5*f - 117 = 2*f. Let o = 75 - f. Does 12 divide o?
True
Let b be (-9)/(-6*2/(-208)). Is ((-2)/4)/(6/b) a multiple of 8?
False
Suppose -3*g - s = -19, -4*s = -0*g + 5*g - 41. Suppose p = g*p - 44. Does 11 divide p?
True
Let q be -6 - (-2)/1*-1. Let h(g) = -g - 6. Let p be h(q). Suppose -5*z + 86 = -4*v, -3*z + p*v - 34 = -6*z. Does 14 divide z?
True
Let r(b) = 19*b + 14. Is r(3) a multiple of 16?
False
Suppose -t = 2*t - 327. Is 31 a factor of t?
False
Is 4/10 - (-390)/25 a multiple of 5?
False
Let m be 130/(-8) - 6/(-24). Is 24 a factor of 4/m*-4*63?
False
Let w = 6 + -8. Let i = -3 - w. Let f(h) = -8*h**3 - 2*h**2 - h. Does 7 divide f(i)?
True
Suppose 13 = -4*y + 33. Suppose y*u - 10*u + 425 = 0. Is u a multiple of 27?
False
Let f(q) = 3 + 4*q + 3*q - 4*q - 4*q. Is f(-3) a multiple of 5?
False
Suppose -5*n + 45 = 5*q, -2*q = 3*n - 5 - 9. Is 5 a factor of q?
False
Suppose i - q - 16 = 0, 2*i + 2*i - q = 73. Is 4 a factor of i?
False
Suppose -173 = -2*d - 37. Is 15 a factor of d?
False
Let a = -2 - 5. Is 12 a factor of (8 + a)/((-1)/(-47))?
False
Let h = -12 + 18. Suppose -z + h = -7. Does 13 divide z?
True
Let k = -24 + 36. Let h = k + 2. Is 12 a factor of h?
False
Is -4 - 2*44/(-8) a multiple of 2?
False
Let l(k) = k + 9. Let o be l(-8). Suppose -1 = -2*s + 5. Suppose -c - o = 0, 0 = -s*n - 2*n + 3*c + 153. Is n a multiple of 10?
True
Let p(a) = a**3 - a**2 + a + 149. Let u be p(0). Let d = -59 + u. Suppose v + 2*v - d = 0. Is v a multiple of 15?
True
Suppose 2*o - 5*m = -25, 4*m - 20 = o - 0*m. Suppose o = 4*h + 2*w - 222, -5*h + 3*w = 5*w - 279. Is h a multiple of 16?
False
Let a(h) be the third derivative of 1/120*h**6 + 0 + 1/10*h**5 - h**2 + 0*h + 0*h**3 + 1/4*h**4. Does 7 divide a(-4)?
False
Let d(w) be the first derivative of 48*w + 1 - 1/2*w**2. Does 16 divide d(0)?
True
Is 5 a factor of -1*215/10*-2?
False
Let o(f) = f**3 - 7*f**2 + 10*f - 8. Let a(p) = p**3 + 3*p**2 - 3*p - 3. Let z be a(-3). Does 8 divide o(z)?
True
Let q(z) = z + 12. Let n be q(0). Let r = 4 + -7. Let m = n - r. Is 15 a factor of m?
True
Suppose 5*s - 5*x = 120, 8*s - 2*x = 5*s + 70. Is 3 a factor of s?
False
Let m = -5 - -50. Does 15 divide m?
True
Let p = -76 - -127. Suppose p = 3*n - 27. Is n a multiple of 13?
True
Let o be ((-14)/(-3))/((-6)/9). Let q = -5 - o. Suppose -22 = -3*z - 4*r + 9, q*r = -5*z + 61. Is 13 a factor of z?
True
Let m(c) = c. Let g be m(-5). Let b = 2 + -2. Let f = b - g. Is 2 a factor of f?
False
Let f be (2 + 185)*(2 + -1). Let a = f + -88. Let g = a - 71. Is 11 a factor of g?
False
Let o = -179 + 331. Is 38 a factor of o?
True
Let c(m) = -2*m + 10. Let d(t) = -t**3 - t**2 + 2*t - 6. Let v be d(0). Is 14 a factor of c(v)?
False
Suppose 3*q - 12 - 6 = 0. Let r = q + -1. Suppose 95 = 5*b + r*x, -5*b + 3*x = 5*x - 83. Is 9 a factor of b?
False
Let h(k) = 5*k - 7. Let n be h(-6). Let l = 63 + n. Is 11 a factor of l?
False
Suppose l - 15 = 5*s, l = 3*l + 3*s + 9. Let u(n) = 3*n - n**2 - 12*n + l - 6. Is 6 a factor of u(-6)?
True
Suppose -5*x - 3*b + 7 - 3 = 0, -6 = -2*x + b. Suppose 0*n = 2*f + 4*n + 6, x*n + 8 = 0. Does 5 divide f?
True
Let q be (-36)/(-8) - (-1)/(-2). Suppose 20 = q*c + 4. Is 3 a factor of c?
False
Let o = -4 + 4. Suppose o = -4*v - 13 + 621. Suppose 3*r - v = -r. Is r a multiple of 19?
True
Let l = 7 + -1. Let r(v) = 4*v**2 - 6*v - 7. Is r(l) a multiple of 28?
False
Suppose 3*p = 3*q - 183, 4*p - 8*p + 16 = 0. Let b = q - 39. Is b a multiple of 14?
False
Suppose 1650 = 3*i + 8*i. Is 50 a factor of i?
True
Let q be ((-4)/6)/(6/9). Let d = q + 6. Does 3 divide d?
False
Let f(r) be the second derivative of 2*r**3/3 + 4*r**2 + r. Is 22 a factor of f(9)?
True
Let s be (3 + -2)*-5*-2. Does 3 divide 48/10 - (-2)/s?
False
Let x(r) = r**3 + 9*r**2 - 15*r - 10. Does 10 divide x(-10)?
True
Suppose -5*g + 125 = 35. Is 7 a factor of g?
False
Does 8 divide 9/6*(-140)/(-6)?
False
Let o(l) = -l**2 - 13*l + 9. Is o(-7) a multiple of 16?
False
Suppose 8 = 5*l - 4*x - 0, 2*x + 2 = 2*l. Let v be 1*6 + l + -5. Let z(g) = g + 2. Is z(v) a multiple of 7?
True
Suppose 5*f + 27 = 3*j, 1 = j + 2*f + 3. Let m be (-2805)/(-20) + 1/(-4). Suppose -j*s = s - m. Is s a multiple of 14?
True
Let r = 2 + -4. Is 16 a factor of 41 - 1*(-4 - r)?
False
Suppose 3*b = 5*b - 6. Let q(o) = -o**3 + 2*o**2 + 3*o + 3. Let h be q(b). Suppose h*t - 2*t = 30. Is t a multiple of 15?
True
Let l(o) = 5*o**2 + 27*o + 8. Is 6 a factor of l(-7)?
False
Suppose -t + 30 = -76. Is t a multiple of 19?
False
Let m = -2 + 8. Let r be (-9)/m*(-32)/12. Suppose 0 = r*y - 4 - 180. Is 23 a factor of y?
True
Let j(m) = -m**2 - 7*m - 7. Let t be j(-6). Let u(p) = 2*p**2 - p. Is u(t) a multiple of 3?
True
Let p be 4*(1 - 0) - 1. Let x(l) = -l**p + 32 + l - l. Does 11 divide x(0)?
False
Suppose 63 = 11*i - 8*i. Does 12 divide i?
False
Suppose 0 = -2*p + 10. Suppose 0 = 4*y - 5*w - 85, 2*y = -2*y - p*w + 35. Is y a multiple of 8?
False
Suppose 4*w - 16 + 4 = 0. Suppose w*x - 1 - 5 = 0. Suppose -x*d - 3 = -b - 40, -3*d + 58 = -4*b. Is d a multiple of 9?
True
Let p = 97 + -251. Is 8 a factor of (1 - 0)/((-7)/p)?
False
Let k = 2 - 0. Suppose -5*d + k*d = -66. Is 22 a factor of d?
True
Suppose 3*q - 12*v = -7*v + 121, 0 = -q - 2*v + 22. Does 21 divide q?
False
Suppose 2*k - 245 = -3*k. Is k a multiple of 12?
False
Suppose r = -r + 176. Does 22 divide r?
True
Suppose 13 - 1 = 4*y. Let p(s) = 2*s**3 - 5*s**2 + s + 3. Is 5 a factor of p(y)?
True
Let b(q) = -q**3 - 8*q**2 + 9*q + 36. Is b(-11) a multiple of 15?
True
Suppose 7 = t - 5*z, 1 = t - 0*z - 2*z. Let m(w) = -14*w + 3. Is m(t) a multiple of 22?
False
Let n = 2 + 3. Is n a multiple of 2?
False
Let l(q) be the second derivative of -q**5/20 + 2*q**4/3 + q**3/2 - 2*q**2 + 4*q. Is l(7) a multiple of 22?
True
Suppose -470 - 460 = -6*q. Is q a multiple of 21?
False
Suppose -5*u = 5*n - 235, 0*n - u = 4*n - 182. Suppose n = 3*j - 54. Is 13 a factor of j?
False
Suppose -4*d = 2*g - 42, -2*d + 12 - 2 = 0. Suppose -2*a = -5*i - 29, 0 = 3*a - i - 39 - g. Is 9 a factor of a?
False
Is 11 a factor of 1*2/(2/47)?
False
Suppose -4*v + 158 = -3*v + 5*l, -578 = -4*v - 2*l. Is 26 a factor of v?
False
Let x be (-1)/2*(-25 - -3). Let l = x + -7. Does 4 divide l?
True
Let x(t) = 8*t - 1. Let b be x(-1). Suppose -10 = 5*z + 10. Let q = z - b. Is q a multiple of 5?
True
Let t(i) = i**2 + 2. Let k be t(0). Let l = 2 + k. Suppose -p + 23 = 4*s, 0 = s + l*s + p - 30. Is 7 a factor of s?
True
Let r = -184 - -329. Is r a multiple of 29?
True
Let p = -78 - -120. Does 6 divide p?
True
Suppose -5*y + 2*y - 6 = -5*p, -p = -y. Let g be ((-8)/p)/((-3)/(-9)). Does 6 divide (-1 - 14)*g/10?
Tr